+ 86 + -50.
-15
Evaluate (0 + 14 - 1) + 4 + -8.
9
Evaluate (0 - -21) + -1 + 7 + (1 - 2).
26
What is the value of -2 - (-12 + (-6 + -3 - -15) - -7)?
-3
Calculate 5 + -1 + -13 + (-8 - -13) - -12.
8
What is 2 - (5 + (-12 - -7 - -6))?
-4
Evaluate -7 - -16 - (-1 - (0 - -2 - 9)).
3
Evaluate -1 + -2 - (72 + -94).
19
What is 40 - ((-15 - 7 - -19) + (16 - 1))?
28
Evaluate -7 + (8 - (5 - (-1 + 0)) - 0).
-5
25 - (8 - 8 - -17)
8
Evaluate 9 + (-3 - (-1 + 7 + -5) - -6).
11
Evaluate -2 + -5 + (6 + -10 + 28 - -9).
26
Calculate 91 + -94 + 3 + -11.
-11
Evaluate 1 + (-6 - -19) - 7.
7
-38 + 60 - (51 + -6)
-23
What is (5 - (1 - -6)) + (59 - 39)?
18
4 + (4 - -12) + -6
14
What is -48 + 54 + (-23 - -3)?
-14
2 - (41 + (16 - 49))
-6
What is the value of 1 - -6 - 18 - (9 + -28 + 18)?
-10
Evaluate (-7 - (-7 + -15)) + 7 + -2.
20
Calculate 13 + 9 + 8 - (12 + (2 - 5)).
21
What is (0 - 18) + -26 + 29 + 15?
0
What is the value of 53 - 52 - (-4 + 4 - (3 - 2))?
2
Calculate (-22 - -2) + (-123 - -130).
-13
Evaluate -11 + (-5 - (8 - (8 - -4))).
-12
What is the value of -10 + -3 + 2 + 0 + 11?
0
12 + -2 + -8 - (0 + 3 - 3)
2
What is -7 - (8 - (0 + 1 + 0 - -22))?
8
23 - 41 - -17 - (5 - 1)
-5
Calculate (29 - 15) + -6 - 7.
1
What is -3 + 7 + (4 + 1 - 0) + -19?
-10
Calculate (2 - (0 + -1)) + 42 + -48.
-3
Calculate -4 + -4 - (9 + -3) - 0.
-14
Calculate 1 + 4 - (-14 + (25 - (-7 + 19))).
6
What is the value of 2 + -14 + (-14 - -18) + 18?
10
Evaluate (23 - (41 + 7)) + 31.
6
What is the value of 0 + 2 - (-41 + 42) - (-1 + -2)?
4
What is (-7 + 15 - 20) + 12 - (12 - 2)?
-10
32 + (-44 - -15) - 37
-34
(-4 - 23) + 44 + -1 + -1
15
Evaluate (3 + -4 - 1) + -48 + 39.
-11
14 + -2 + (1 - 3) + (346 - 341)
15
What is the value of -6 + 2 + 40 + -43 + 16?
9
Evaluate 26 + -23 + 50 - 26.
27
Evaluate 350 - 347 - (-1 + (-24 - -2)).
26
Evaluate -15 - (-6 - -10) - (-15 + 2).
-6
What is the value of (4 - -8) + 0 + -2 + (-171 - -162)?
1
What is 38 + -27 - (1 + 12) - -7?
5
What is -2 + -6 - ((-4 + 10 - 8) + -3)?
-3
(-1 - -11) + 0 + -11 + (-1 - 4)
-6
What is 4 - (-5 - -6 - -1) - -7?
9
Evaluate 685 + -694 - (-13 - 0).
4
What is (-3 + 1 - -16) + 3 + -9 + 3?
11
What is the value of (2 - 3) + -34 + 63?
28
What is the value of -16 + 26 - -6 - 5?
11
What is 19 - (-5 - (-22 + -18))?
-16
Evaluate -8 + 0 + (10 + -3 + 0 - 3).
-4
(-12 - -10) + -11 - -3
-10
-2 + -5 + 9 - (1 + -7 + -1)
9
Calculate (0 + 3 - -8) + 2 + -190 + 195.
18
What is the value of (-5 - (-2 + -1) - (-4 - -19)) + 5?
-12
2 + (-5 - 13) + (1 - (-5 - -10))
-20
What is -19 + (-13 - -29) - -30?
27
(3 - -16 - 20) + 39
38
Evaluate -10 + -11 + 14 + -7 - 13.
-27
What is 9 - ((0 - (3 - 3)) + -1) - 1?
9
-6 + 15 - (1 + (6 - 4 - -19))
-13
-38 - -31 - (44 + -24)
-27
What is -10 + 7 - (-10 + 5 + (2 - -2))?
-2
11 + -8 + (-12 - -19)
10
What is 40 - (-2 - (-29 + 11))?
24
Evaluate 17 + (15 + -14 - 14) + 3.
7
-2 - (-4 - 4) - (1 - 7)
12
Evaluate 38 + (-95 - -36 - -45).
24
Evaluate -16 - (-14 - -20 - 6) - -20.
4
What is 1 - -3 - (7 + -1 - (-10 + 16))?
4
What is 15 + 1 + -11 + (-10 - (-19 - -4))?
10
Calculate -2 + 2 + 11 - (87 + 24 + -102).
2
Calculate -8 + 3 + -6 + (7 - 6) + -1.
-11
What is the value of -8 + 13 + 0 + -10 + -1 + 2?
-4
What is 3 + 5 + (-5 - (-7 - -5)) + 5?
10
Evaluate (7 - (-1 - 23)) + -5 + (-8 - -13).
31
Calculate (-9 - -31) + 2 + -12.
12
-1 - -3 - (-282 + 290)
-6
What is ((-17 - -9) + -3 - (-2 + 0)) + -7?
-16
-1 - -3 - (29 + 2 + -21 + 18)
-26
(8 - 2) + (-8 - -10)
8
-13 + (6 + 3 - -8)
4
Evaluate 13 + -3 + -36 + (12 - -6) - 3.
-11
Evaluate (-20 - -26 - (4 + 0)) + -11.
-9
What is 125 + -126 + (-3 - -2) + -21?
-23
44 + -26 + -25 + -12 + -8
-27
What is the value of -8 - (-4 - (-2 + 3))?
-3
What is the value of 0 + 2 + 7 - 5?
4
Calculate 6 - (30 + -19 + 8).
-13
-3 + (6 - 2 - 2 - (-20 + 1))
18
-71 + 90 - (6 - -4)
9
Evaluate 8 - -3 - (-111 + 139).
-17
Calculate 23 + -23 - (0 + (3 - 6) + 19).
-16
Evaluate 1 - 35 - (-85 + 76) - -8.
-17
What is -5 + (10 - 21) + 27?
11
Calculate 3 + -7 - -14 - 13.
-3
What is the value of (-26 + -18 - -5) + 36?
-3
What is -3 + (2 - 1 - (3 - (-16 - -12)))?
-9
What is the value of 7 - (19 + (11 - 14))?
-9
Calculate -856 - -856 - (-2 + 7 + 1).
-6
What is -22 - (-24 + (-24 - -38) + 0 + 5)?
-17
Evaluate 6 - (25 - (0 + 0)).
-19
What is -1 + 15 + -6 - (17 + 20 - 5)?
-24
What is -14 + (-3 - -8 - (15 - 6))?
-18
Evaluate -34 - (-54 - -23 - 2).
-1
247 - 243 - (4 - 22)
22
What is the value of (-10 + 6 - -3) + 10 + -34 + 10?
-15
Evaluate -17 - (19 + -14 + -4).
-18
What is the value of (1 + -11 - -28) + -3?
15
Calculate 17 - (29 + 17 + -28).
-1
Calculate -3 + -3 + (8 - 2) - -9.
9
Calculate 0 + -9 + (-7 - -58 - 5 - 11).
26
(-49 - -9 - 6) + 48
2
Evaluate 52 + (-26 - -16) - 10.
32
Calculate 8 - (19 + -10 + (7 - 26)).
18
-39 + (5 + 18 - 0)
-16
Calculate (-21 - (-2 + 36)) + 26.
-29
Evaluate (17 - 29 - -34) + (-1 - 0 - 0).
21
What is the value of 14 + -1 + -49 + 4 + 52?
20
-19 + (-1 - (-28 + 13)) - (-5 - -1)
-1
What is -14 - 3 - (-2 + (-5 - -10) + -8)?
-12
Calculate -2 + ((0 - -1) + 15 - (-231 - -226)).
19
What is 18 + -11 - (-4 + 0 + 20 + 3)?
-12
What is the value of -5 + (-14 - -10) + (25 - (-5 - -8))?
13
Calculate (-37 + -16 - -79) + (1 - (2 + 3)).
22
Evaluate -69 - -62 - (-2 + 8).
-13
What is the value of 2 - (2 + -1 - (8 - 5))?
4
Calculate 7 - ((3 - (-3 + -3)) + -5).
3
What is 6 + (-21 + -5 - -5) + 15 + -11?
-11
(19 + -7 - 2) + -3
7
What is the value of -1 + (3 + -29 - 2) + 641 + -634?
-22
Calculate -10 - (-14 - -1) - -6.
9
What is 12 - 4 - (-1 - (14 - 28))?
-5
Calculate -10 + (3 - 5) - (-108 + 119).
-23
Evaluate -80 + 73 - (-7 - 0 - -1 - -3).
-4
Evaluate -4 - ((3 - 3) + -3 + -9 + 14).
-6
Evaluate 19 + (-9 - (2 + 4 - 7)).
11
What is (14 + -8 - 3) + -5 + (-1 - 9)?
-12
What is -2 - -8 - (58 - 68)?
16
Evaluate 12 + -10 + -1 + -11 + 29.
19
What is the value of 18 + (4 - 6 - 14)?
2
-7 + (17 - 22) + 12
0
-8 + -12 + 23 - (2 + 8)
-7
-5 - (-3 - 8) - (-11 + 7)
10
Evaluate 25 + (39 - (56 - 23)).
31
Evaluate 2 + (6 - (4 + -3 - -6)) + 20.
21
-15 + (16 + -1 - 10)
-10
Evaluate 4 - (10 + (-10 - -11 - -6)).
-13
Evaluate 51 - (-7 - -31) - 1.
26
Evaluate 8 + (11 - 19 - (-5 - (0 - 4))).
1
Evaluate -55 + (53 - (34 + -16)).
-20
What is the value of 19 - (-18 + (17 - -11))?
9
What is -8 + -13 + (-6 - 0) + 7?
-20
Evaluate 11 + 168 + -165 + -19 + 3.
-2
What is the value of (0 + -17 - -14 - (2 - -15)) + 2?
-18
What is the value of 1 - -34 - (15 - (9 + -8))?
21
(-1 - (21 + -7 + 1)) + 3
-13
Evaluate 3 - (-2 + 5) - (7 + -7 + -3).
3
Calculate (-7 - -4 - (12 - 13) - -3) + 18.
19
What is (25 - 79) + (2 - -25)?
-27
What is the value of -16 + (13 - -17 - 3)?
11
What is -1 - 42 - (93 - 111)?
-25
-1 + (-9 - -1 - 4)
-13
What is the value of (-9 - -4) + (14 - (0 + -2))?
11
Evaluate (-95 - -54) + (-1 - -32).
-10
What is the value of -11 + 19 - ((-29 - -21) + 1)?
15
What is the value of (1 + -6 - -1) + 4891 + -4890?
-3
What is (3 - 16 - -10) + -5 + -13?
-21
3 + -2 - 4 - (-1 + 5 - -4)
-11
Evaluate -63 - -45 - (-16 + -5).
3
(13 - 3) + -13 + 7 + -4
0
What is the value of (10 + -9 - 0) + 11?
12
Evaluate -92 + 97 - (0 + 5) - (-4 - -24).
-20
Calculate 13 + 1 + -23 + 9.
0
What is 63 + -33 + (-11 - -10)?
29
What is 1 - (-9 - -3) - 19?
-12
What is the value of -3 - -17 - (-4 + -7 + (5 - -6))?
14
What is (-16 + 20 - 12) + 22?
14
57 + -58 - (2 + 0) - (1 - 0)
-4
Calculate (6 + -6 - (0 + 0 + 2)) + -4.
-6
1 + -12 + (1754 - 1724)
19
Calculate 54 - 43 - (6 - (3 + -2)).
6
What is -4 - ((8 - (-11 - (-2 + 1))) + 11)?
-33
Calculate (-12 - -4 - -1) + (-137 - -150).
6
46 - (7 + 1 + 30)
8
18 + -18 + 9 + 8
17
What is the value of -5 + 14 + (-38 - (-16 + 8))?
-21
What is the value of -8 - 3 - (-48 + 4 + 11)?
22
What is -6 - (-6 + 14) - (-3 + -5)?
-6
Calculate 1 + (2 - 17) + 298 + -289.
-5
What is the value of 8 - (-15 - (4 + -18))?
9
What is 3 - (-8 + (26 - 18) - (1 - -6))?
10
What is (12 - 5) + (-4 - (7 - -1)) + -12?
-17
What is the value of (-57 + -7 - -30) + 2?
-32
2 - (-1 - -47) - (1518 - 1534)
-28
Evaluate -19 - -10 - -9 - (-6 - 3 - -4).
5
Calculate -6 + -14 + 28 + -4.
4
Calculate -5 + (-3 + 2 + 0 - 0 - 3).
-9
Evaluate 4 + -27 + -3 + 18.
-8
What is 92 - 80 - (-1 + 3)?
10
25 + (-6 - 7) + -3 + -2 + 10
17
Evaluate (-8 - (1 + 1)) + 12 + 7 + -12.
-3
What is 4 + -8 + 11 - 3?
4
What is the value of -3 + -1 + 29 + -11 + -